53.
7753
List the prime factors of 159774.
2, 3, 31, 859
What are the prime factors of 102?
2, 3, 17
List the prime factors of 19583.
19583
What are the prime factors of 2379?
3, 13, 61
What are the prime factors of 75962?
2, 19, 1999
List the prime factors of 72385.
5, 31, 467
List the prime factors of 35566.
2, 17783
What are the prime factors of 1141?
7, 163
What are the prime factors of 46955?
5, 9391
List the prime factors of 736.
2, 23
List the prime factors of 26452.
2, 17, 389
List the prime factors of 43893.
3, 4877
What are the prime factors of 1006?
2, 503
What are the prime factors of 33032?
2, 4129
List the prime factors of 30080.
2, 5, 47
What are the prime factors of 20389?
20389
List the prime factors of 69856.
2, 37, 59
List the prime factors of 97967.
97967
What are the prime factors of 3036?
2, 3, 11, 23
What are the prime factors of 3821?
3821
List the prime factors of 37682.
2, 83, 227
What are the prime factors of 3776?
2, 59
List the prime factors of 16241.
109, 149
List the prime factors of 4090.
2, 5, 409
List the prime factors of 8629.
8629
What are the prime factors of 5262?
2, 3, 877
List the prime factors of 17010.
2, 3, 5, 7
List the prime factors of 2151.
3, 239
List the prime factors of 1300.
2, 5, 13
What are the prime factors of 768?
2, 3
List the prime factors of 71962.
2, 11, 3271
List the prime factors of 1737.
3, 193
List the prime factors of 3017.
7, 431
List the prime factors of 2392.
2, 13, 23
List the prime factors of 3940.
2, 5, 197
What are the prime factors of 6810?
2, 3, 5, 227
What are the prime factors of 7528?
2, 941
List the prime factors of 337.
337
List the prime factors of 1364.
2, 11, 31
What are the prime factors of 740?
2, 5, 37
What are the prime factors of 23465?
5, 13, 19
List the prime factors of 762.
2, 3, 127
List the prime factors of 2697.
3, 29, 31
What are the prime factors of 64331?
23, 2797
List the prime factors of 48365.
5, 17, 569
List the prime factors of 662.
2, 331
List the prime factors of 196.
2, 7
List the prime factors of 2478.
2, 3, 7, 59
What are the prime factors of 10397?
37, 281
List the prime factors of 785.
5, 157
List the prime factors of 31344.
2, 3, 653
List the prime factors of 229.
229
What are the prime factors of 5594?
2, 2797
List the prime factors of 17248.
2, 7, 11
What are the prime factors of 38617?
23, 73
List the prime factors of 2030.
2, 5, 7, 29
List the prime factors of 7462.
2, 7, 13, 41
What are the prime factors of 167299?
11, 67, 227
List the prime factors of 224.
2, 7
What are the prime factors of 1235?
5, 13, 19
What are the prime factors of 669?
3, 223
What are the prime factors of 27591?
3, 17, 541
What are the prime factors of 22825?
5, 11, 83
What are the prime factors of 4266?
2, 3, 79
What are the prime factors of 2415?
3, 5, 7, 23
List the prime factors of 12151.
29, 419
What are the prime factors of 847?
7, 11
What are the prime factors of 1153?
1153
List the prime factors of 23298.
2, 3, 11, 353
List the prime factors of 103668.
2, 3, 53, 163
List the prime factors of 3945.
3, 5, 263
What are the prime factors of 11337?
3, 3779
What are the prime factors of 2060?
2, 5, 103
What are the prime factors of 183?
3, 61
What are the prime factors of 4094?
2, 23, 89
What are the prime factors of 1187?
1187
List the prime factors of 1180.
2, 5, 59
List the prime factors of 2254.
2, 7, 23
List the prime factors of 1532.
2, 383
List the prime factors of 8780.
2, 5, 439
What are the prime factors of 29727?
3, 367
What are the prime factors of 2465?
5, 17, 29
What are the prime factors of 1028?
2, 257
What are the prime factors of 68352?
2, 3, 89
What are the prime factors of 111334?
2, 55667
List the prime factors of 11988.
2, 3, 37
List the prime factors of 177536.
2, 19, 73
List the prime factors of 3484.
2, 13, 67
What are the prime factors of 17916?
2, 3, 1493
List the prime factors of 38473.
79, 487
List the prime factors of 1149.
3, 383
What are the prime factors of 67062?
2, 3, 11177
List the prime factors of 199.
199
What are the prime factors of 75232?
2, 2351
What are the prime factors of 21732?
2, 3, 1811
What are the prime factors of 42110?
2, 5, 4211
What are the prime factors of 18415?
5, 29, 127
List the prime factors of 50853.
3, 11, 23, 67
What are the prime factors of 56595?
3, 5, 7, 11
What are the prime factors of 215?
5, 43
List the prime factors of 10065.
3, 5, 11, 61
List the prime factors of 32438.
2, 7, 331
List the prime factors of 15986.
2, 7993
What are the prime factors of 17958?
2, 3, 41, 73
List the prime factors of 10168.
2, 31, 41
What are the prime factors of 2435?
5, 487
List the prime factors of 11653.
43, 271
List the prime factors of 590.
2, 5, 59
List the prime factors of 8798.
2, 53, 83
List the prime factors of 10686.
2, 3, 13, 137
What are the prime factors of 106873?
13, 8221
List the prime factors of 42837.
3, 109, 131
What are the prime factors of 3858?
2, 3, 643
What are the prime factors of 4431?
3, 7, 211
What are the prime factors of 7024?
2, 439
What are the prime factors of 1935?
3, 5, 43
What are the prime factors of 2452?
2, 613
List the prime factors of 37364.
2, 9341
List the prime factors of 137357.
11, 12487
List the prime factors of 5437.
5437
List the prime factors of 1093.
1093
What are the prime factors of 8344?
2, 7, 149
What are the prime factors of 11869?
11, 13, 83
What are the prime factors of 9629?
9629
List the prime factors of 2582.
2, 1291
List the prime factors of 143421.
3, 47807
List the prime factors of 595.
5, 7, 17
What are the prime factors of 1789?
1789
List the prime factors of 2400.
2, 3, 5
List the prime factors of 333.
3, 37
List the prime factors of 804.
2, 3, 67
List the prime factors of 127.
127
What are the prime factors of 607?
607
List the prime factors of 8051.
83, 97
What are the prime factors of 5757?
3, 19, 101
What are the prime factors of 12043?
12043
List the prime factors of 3401.
19, 179
List the prime factors of 981.
3, 109
List the prime factors of 2968.
2, 7, 53
What are the prime factors of 7647?
3, 2549
List the prime factors of 105.
3, 5, 7
What are the prime factors of 667?
23, 29
What are the prime factors of 64309?
7, 9187
What are the prime factors of 60624?
2, 3, 421
What are the prime factors of 2586?
2, 3, 431
What are the prime factors of 21738?
2, 3, 3623
List the prime factors of 8503.
11, 773
What are the prime factors of 8814?
2, 3, 13, 113
List the prime factors of 20621.
17, 1213
List the prime factors of 21594.
2, 3, 59, 61
List the prime factors of 1395.
3, 5, 31
List the prime factors of 28350.
2, 3, 5, 7
List the prime factors of 60589.
60589
What are the prime factors of 37911?
3, 12637
What are the prime factors of 10867?
10867
What are the prime factors of 26?
2, 13
List the prime factors of 2165.
5, 433
List the prime factors of 25789.
17, 37, 41
What are the prime factors of 3141?
3, 349
What are the prime factors of 38?
2, 19
What are the prime factors of 34109?
23, 1483
What are the prime factors of 19676?
2, 4919
What are the prime factors of 1031?
1031
List the prime factors of 136.
2, 17
What are the prime factors of 2923?
37, 79
List the prime factors of 3173.
19, 167
What are the prime factors of 750?
2, 3, 5
What are the prime factors of 834?
2, 3, 139
What are the prime factors of 18234?
2, 3, 1013
List the prime factors of 40059.
3, 4451
What are the prime factors of 28517?
28517
What are the prime factors of 73?
73
List the prime factors of 123.
3, 41
List the prime factors of 44423.
31, 1433
What are the prime factors of 73003?
7, 10429
List the prime factors of 31731.
3, 7, 1511
List the prime factors of 1071.
3, 7, 17
List the prime factors of 91729.
11, 31, 269
List the prime factors of 115800.
2, 3, 5, 193
List the prime factors of 34267.
34267
What are the prime factors of 445?
5, 89
What are the prime factors of 93999?
3, 31333
What are the prime factors of 64773?
3, 2399
List the prime factors of 19017.
3, 2113
What are the prime factors of 2972?
2, 743
What are the prime factors of 11504?
2, 719
List the prime factors of 9154.
2, 23, 199
List the prime factors of 2003.
2003
List the prime factors of 72302.
2, 36151
What are the prime factors of 20800?
2, 5, 13
List the prime factors of 1423.
1